{"id":7,"date":"2025-02-10T16:16:25","date_gmt":"2025-02-10T15:16:25","guid":{"rendered":"https:\/\/next-law.fr\/dev2025\/?page_id=7"},"modified":"2025-03-10T14:29:43","modified_gmt":"2025-03-10T13:29:43","slug":"whats-next","status":"publish","type":"page","link":"https:\/\/next-law.fr\/dev2025\/whats-next\/","title":{"rendered":"What&rsquo;s NEXT ?"},"content":{"rendered":"<div class=\"fusion-fullwidth fullwidth-box fusion-builder-row-1 fusion-flex-container has-pattern-background has-mask-background hundred-percent-fullwidth non-hundred-percent-height-scrolling fusion-sticky-container\" style=\"--awb-border-radius-top-left:0px;--awb-border-radius-top-right:0px;--awb-border-radius-bottom-right:0px;--awb-border-radius-bottom-left:0px;--awb-padding-right:0px;--awb-padding-left:0px;--awb-flex-wrap:wrap;\" data-transition-offset=\"0\" data-scroll-offset=\"0\" data-sticky-small-visibility=\"1\" data-sticky-medium-visibility=\"1\" data-sticky-large-visibility=\"1\" ><div class=\"fusion-builder-row fusion-row fusion-flex-align-items-flex-start fusion-flex-content-wrap\" style=\"width:calc( 100% + 0px ) !important;max-width:calc( 100% + 0px ) !important;margin-left: calc(-0px \/ 2 );margin-right: calc(-0px \/ 2 );\"><div class=\"fusion-layout-column fusion_builder_column fusion-builder-column-0 awb-sticky awb-sticky-medium awb-sticky-large fusion_builder_column_1_3 1_3 fusion-flex-column\" style=\"--awb-bg-position:right bottom;--awb-bg-size:contain;--awb-border-color:var(--awb-color8);--awb-border-style:solid;--awb-width-large:33.333333333333%;--awb-margin-top-large:0px;--awb-spacing-right-large:0px;--awb-margin-bottom-large:0px;--awb-spacing-left-large:0px;--awb-width-medium:33.333333333333%;--awb-order-medium:0;--awb-spacing-right-medium:0px;--awb-spacing-left-medium:0px;--awb-width-small:100%;--awb-order-small:0;--awb-spacing-right-small:0px;--awb-spacing-left-small:0px;--awb-sticky-offset:150px;\" data-scroll-devices=\"small-visibility,medium-visibility,large-visibility\"><div class=\"fusion-column-wrapper fusion-column-has-shadow fusion-flex-justify-content-flex-start fusion-content-layout-column\"><div class=\"fusion-title title fusion-title-1 fusion-sep-none fusion-title-text fusion-title-size-one\" style=\"--awb-margin-left:30px;--awb-margin-top-small:20px;--awb-margin-left-small:30px;\"><h1 class=\"fusion-title-heading title-heading-left fusion-responsive-typography-calculated\" style=\"margin:0;--fontSize:45;line-height:var(--awb-typography1-line-height);\">What&rsquo;s NEXT ?<\/h1><\/div><\/div><\/div><div class=\"fusion-layout-column fusion_builder_column fusion-builder-column-1 awb-sticky awb-sticky-small awb-sticky-medium awb-sticky-large fusion_builder_column_2_3 2_3 fusion-flex-column fusion-flex-align-self-stretch\" style=\"--awb-bg-size:cover;--awb-border-color:var(--awb-color8);--awb-border-left:1px;--awb-border-style:solid;--awb-width-large:66.666666666667%;--awb-margin-top-large:0px;--awb-spacing-right-large:0px;--awb-margin-bottom-large:0px;--awb-spacing-left-large:0px;--awb-width-medium:66.666666666667%;--awb-order-medium:0;--awb-spacing-right-medium:0px;--awb-spacing-left-medium:0px;--awb-width-small:100%;--awb-order-small:0;--awb-spacing-right-small:0px;--awb-spacing-left-small:0px;--awb-sticky-offset:160px;\" data-scroll-devices=\"small-visibility,medium-visibility,large-visibility\"><div class=\"fusion-column-wrapper fusion-column-has-shadow fusion-flex-justify-content-flex-start fusion-content-layout-column\"><div class=\"fusion-title title fusion-title-2 fusion-sep-none fusion-title-text fusion-title-size-two\" style=\"--awb-margin-left:30px;--awb-margin-left-small:30px;\"><h2 class=\"fusion-title-heading title-heading-left fusion-responsive-typography-calculated\" style=\"margin:0;--fontSize:45;line-height:var(--awb-typography1-line-height);\">Nos motivations<\/h2><\/div><div class=\"fusion-separator fusion-full-width-sep\" style=\"align-self: center;margin-left: auto;margin-right: auto;width:100%;\"><div class=\"fusion-separator-border sep-single sep-solid\" style=\"--awb-height:20px;--awb-amount:20px;--awb-sep-color:var(--awb-color8);border-color:var(--awb-color8);border-top-width:1px;\"><\/div><\/div><div class=\"fusion-title title fusion-title-3 fusion-sep-none fusion-title-text fusion-title-size-two whatsnext-titre\" style=\"--awb-margin-bottom:2px;--awb-margin-left:30px;--awb-margin-top-small:20px;--awb-margin-right-small:30px;--awb-margin-left-small:30px;\"><h2 class=\"fusion-title-heading title-heading-left fusion-responsive-typography-calculated\" style=\"margin:0;--fontSize:45;line-height:var(--awb-typography1-line-height);\">Fournir une expertise juridique pointue<\/h2><\/div><div class=\"fusion-text fusion-text-1 whatsnext\" style=\"--awb-margin-right:30px;--awb-margin-left:30px;\"><p>en capitalisant sur plus de 20 ann\u00e9es d\u2019exp\u00e9rience en droit du num\u00e9rique et de la cr\u00e9ation<\/p>\n<\/div><div class=\"fusion-title title fusion-title-4 fusion-sep-none fusion-title-text fusion-title-size-two\" style=\"--awb-margin-top:0px;--awb-margin-bottom:2px;--awb-margin-left:30px;--awb-margin-right-small:30px;--awb-margin-left-small:30px;\"><h2 class=\"fusion-title-heading title-heading-left fusion-responsive-typography-calculated\" style=\"margin:0;--fontSize:45;line-height:var(--awb-typography1-line-height);\">Donner des conseils pragmatiques<\/h2><\/div><div class=\"fusion-text fusion-text-2 whatsnext\" style=\"--awb-margin-right:30px;--awb-margin-left:30px;\"><p>adapt\u00e9s aux enjeux op\u00e9rationnels et \u00e9conomiques de nos\u00a0clients, repr\u00e9senter leurs int\u00e9r\u00eats aupr\u00e8s des autorit\u00e9s et institutions fran\u00e7aises et europ\u00e9ennes et les conseiller dans la gestion de crises<\/p>\n<\/div><div class=\"fusion-title title fusion-title-5 fusion-sep-none fusion-title-text fusion-title-size-two\" style=\"--awb-margin-top:0px;--awb-margin-bottom:2px;--awb-margin-left:30px;--awb-margin-right-small:30px;--awb-margin-left-small:30px;\"><h2 class=\"fusion-title-heading title-heading-left fusion-responsive-typography-calculated\" style=\"margin:0;--fontSize:45;line-height:var(--awb-typography1-line-height);\">Mettre en place une organisation flexible<\/h2><\/div><div class=\"fusion-text fusion-text-3 whatsnext\" style=\"--awb-margin-right:30px;--awb-margin-left:30px;\"><p>et limitant les co\u00fbts de structure, enti\u00e8rement tourn\u00e9e vers la satisfaction client<\/p>\n<\/div><div class=\"fusion-title title fusion-title-6 fusion-sep-none fusion-title-text fusion-title-size-two\" style=\"--awb-margin-bottom:2px;--awb-margin-left:30px;--awb-margin-right-small:30px;--awb-margin-left-small:30px;\"><h2 class=\"fusion-title-heading title-heading-left fusion-responsive-typography-calculated\" style=\"margin:0;--fontSize:45;line-height:var(--awb-typography1-line-height);\">Apporter cette comp\u00e9tence<\/h2><\/div><div class=\"fusion-text fusion-text-4 whatsnext\" style=\"--awb-margin-right:30px;--awb-margin-left:30px;\"><p>dans des conditions tarifaires optimis\u00e9es<\/p>\n<\/div><div class=\"fusion-title title fusion-title-7 fusion-sep-none fusion-title-text fusion-title-size-two\" style=\"--awb-margin-bottom:2px;--awb-margin-left:30px;--awb-margin-right-small:30px;--awb-margin-left-small:30px;\"><h2 class=\"fusion-title-heading title-heading-left fusion-responsive-typography-calculated\" style=\"margin:0;--fontSize:45;line-height:var(--awb-typography1-line-height);\">\u00catre des acteurs de la convergence<\/h2><\/div><div class=\"fusion-text fusion-text-5 whatsnext\" style=\"--awb-margin-right:30px;--awb-margin-left:30px;\"><p>entre le droit des technologies num\u00e9riques et des activit\u00e9s cr\u00e9atives<\/p>\n<\/div><div class=\"fusion-title title fusion-title-8 fusion-sep-none fusion-title-text fusion-title-size-two\" style=\"--awb-margin-bottom:2px;--awb-margin-left:30px;--awb-margin-right-small:30px;--awb-margin-left-small:30px;\"><h2 class=\"fusion-title-heading title-heading-left fusion-responsive-typography-calculated\" style=\"margin:0;--fontSize:45;line-height:var(--awb-typography1-line-height);\">Revoir les codes des cabinets d\u2019avocats<\/h2><\/div><div class=\"fusion-text fusion-text-6 whatsnext\" style=\"--awb-margin-right:30px;--awb-margin-left:30px;\"><p>en s\u2019implantant dans les quartiers pris\u00e9s par les entreprises du num\u00e9rique et de la cr\u00e9ation<\/p>\n<\/div><div class=\"fusion-separator fusion-full-width-sep\" style=\"align-self: center;margin-left: auto;margin-right: auto;width:100%;\"><div class=\"fusion-separator-border sep-single sep-solid\" style=\"--awb-height:20px;--awb-amount:20px;--awb-sep-color:var(--awb-color8);border-color:var(--awb-color8);border-top-width:1px;\"><\/div><\/div><div class=\"fusion-builder-row fusion-builder-row-inner fusion-row fusion-flex-align-items-flex-start fusion-flex-content-wrap\" style=\"width:calc( 100% + 0px ) !important;max-width:calc( 100% + 0px ) !important;margin-left: calc(-0px \/ 2 );margin-right: calc(-0px \/ 2 );\"><div class=\"fusion-layout-column fusion_builder_column_inner fusion-builder-nested-column-0 fusion_builder_column_inner_1_2 1_2 fusion-flex-column\" style=\"--awb-padding-top:30px;--awb-padding-bottom:30px;--awb-padding-left:30px;--awb-padding-right-small:30px;--awb-padding-bottom-small:0px;--awb-bg-size:cover;--awb-width-large:50%;--awb-margin-top-large:0px;--awb-spacing-right-large:0px;--awb-margin-bottom-large:0px;--awb-spacing-left-large:0px;--awb-width-medium:50%;--awb-order-medium:0;--awb-spacing-right-medium:0px;--awb-spacing-left-medium:0px;--awb-width-small:100%;--awb-order-small:0;--awb-spacing-right-small:0px;--awb-spacing-left-small:0px;\" data-scroll-devices=\"small-visibility,medium-visibility,large-visibility\"><div class=\"fusion-column-wrapper fusion-column-has-shadow fusion-flex-justify-content-flex-start fusion-content-layout-column\"><div class=\"fusion-image-element \" style=\"--awb-caption-title-font-family:var(--h2_typography-font-family);--awb-caption-title-font-weight:var(--h2_typography-font-weight);--awb-caption-title-font-style:var(--h2_typography-font-style);--awb-caption-title-size:var(--h2_typography-font-size);--awb-caption-title-transform:var(--h2_typography-text-transform);--awb-caption-title-line-height:var(--h2_typography-line-height);--awb-caption-title-letter-spacing:var(--h2_typography-letter-spacing);\"><span class=\" fusion-imageframe imageframe-none imageframe-1 hover-type-none\"><img decoding=\"async\" width=\"579\" height=\"527\" title=\"whatsnext\" src=\"https:\/\/next-law.fr\/dev2025\/wp-content\/uploads\/2025\/03\/whatsnext.png\" alt class=\"img-responsive wp-image-4552\" srcset=\"https:\/\/next-law.fr\/dev2025\/wp-content\/uploads\/2025\/03\/whatsnext-200x182.png 200w, https:\/\/next-law.fr\/dev2025\/wp-content\/uploads\/2025\/03\/whatsnext-400x364.png 400w, https:\/\/next-law.fr\/dev2025\/wp-content\/uploads\/2025\/03\/whatsnext.png 579w\" sizes=\"(max-width: 640px) 100vw, 579px\" \/><\/span><\/div><\/div><\/div><div class=\"fusion-layout-column fusion_builder_column_inner fusion-builder-nested-column-1 fusion_builder_column_inner_1_2 1_2 fusion-flex-column\" style=\"--awb-padding-top:30px;--awb-padding-right:30px;--awb-padding-left:30px;--awb-padding-bottom-small:30px;--awb-bg-size:cover;--awb-width-large:50%;--awb-margin-top-large:0px;--awb-spacing-right-large:0px;--awb-margin-bottom-large:0px;--awb-spacing-left-large:0px;--awb-width-medium:50%;--awb-order-medium:0;--awb-spacing-right-medium:0px;--awb-spacing-left-medium:0px;--awb-width-small:100%;--awb-order-small:0;--awb-spacing-right-small:0px;--awb-spacing-left-small:0px;\" data-scroll-devices=\"small-visibility,medium-visibility,large-visibility\"><div class=\"fusion-column-wrapper fusion-column-has-shadow fusion-flex-justify-content-flex-start fusion-content-layout-column\"><div class=\"fusion-title title fusion-title-9 fusion-sep-none fusion-title-text fusion-title-size-three\"><h3 class=\"fusion-title-heading title-heading-left fusion-responsive-typography-calculated\" style=\"margin:0;--fontSize:25;--minFontSize:25;line-height:var(--awb-typography1-line-height);\">Etienne Papin &amp; St\u00e9phanie Foulgoc<\/h3><\/div><div class=\"fusion-text fusion-text-7\"><p>Avocats associ\u00e9s fondateurs, disposent tous les deux d\u2019une exp\u00e9rience importante acquise dans des cabinets sp\u00e9cialis\u00e9s en droit des technologies et de la propri\u00e9t\u00e9 intellectuelle en France et \u00e0 l\u2019\u00e9tranger, en conseil et en contentieux. Les avocats de NEXT sont \u00e9galement des experts du droit europ\u00e9en appliqu\u00e9 aux secteurs du num\u00e9rique et de la cr\u00e9ation.<\/p>\n<p>NEXT r\u00e9unit autour des associ\u00e9s fondateurs une \u00e9quipe d\u2019avocats et accueille \u00e9galement des \u00e9l\u00e8ves-avocats.<\/p>\n<\/div><div ><a class=\"fusion-button button-flat fusion-button-default-size button-default fusion-button-default button-1 fusion-button-default-span fusion-button-default-type\" target=\"_self\" href=\"https:\/\/next-law.fr\/dev2025\/avocats\/\"><span class=\"fusion-button-text\">Voir les avocats<\/span><\/a><\/div><\/div><\/div><\/div><div class=\"fusion-separator fusion-full-width-sep\" style=\"align-self: center;margin-left: auto;margin-right: auto;width:100%;\"><div class=\"fusion-separator-border sep-single sep-solid\" style=\"--awb-height:20px;--awb-amount:20px;--awb-sep-color:var(--awb-color8);border-color:var(--awb-color8);border-top-width:1px;\"><\/div><\/div><div class=\"fusion-title title fusion-title-10 fusion-sep-none fusion-title-text fusion-title-size-two\" style=\"--awb-margin-top:20px;--awb-margin-bottom:25px;--awb-margin-left:30px;--awb-margin-top-small:20px;--awb-margin-left-small:30px;\"><h2 class=\"fusion-title-heading title-heading-left fusion-responsive-typography-calculated\" style=\"margin:0;--fontSize:45;line-height:var(--awb-typography1-line-height);\">NEXT et ses succ\u00e8s<\/h2><\/div><div class=\"fusion-text fusion-text-8 whatsnext\" style=\"--awb-margin-right:30px;--awb-margin-left:30px;\"><p>NEXT a remport\u00e9 des succ\u00e8s judiciaires majeurs pour ses clients, notamment contre des GAFAM. Son objectif : faire appliquer la r\u00e9glementation aux g\u00e9ants des technologies, avec pragmatisme et efficacit\u00e9.<\/p>\n<\/div><div class=\"fusion-separator fusion-full-width-sep\" style=\"align-self: center;margin-left: auto;margin-right: auto;width:100%;\"><div class=\"fusion-separator-border sep-single sep-solid\" style=\"--awb-height:20px;--awb-amount:20px;--awb-sep-color:var(--awb-color8);border-color:var(--awb-color8);border-top-width:1px;\"><\/div><\/div><div class=\"fusion-title title fusion-title-11 fusion-sep-none fusion-title-text fusion-title-size-two\" style=\"--awb-margin-top:20px;--awb-margin-bottom:25px;--awb-margin-left:30px;--awb-margin-top-small:20px;--awb-margin-left-small:30px;\"><h2 class=\"fusion-title-heading title-heading-left fusion-responsive-typography-calculated\" style=\"margin:0;--fontSize:45;line-height:var(--awb-typography1-line-height);\">NEXT et le num\u00e9rique<\/h2><\/div><div class=\"fusion-text fusion-text-9 whatsnext\" style=\"--awb-margin-right:30px;--awb-margin-left:30px;\"><p>Les avocats de NEXT sont toujours en prise avec les mutations technologiques et conseillent leurs clients dans tous leurs projets informatiques, num\u00e9riques ou cr\u00e9atifs.<\/p>\n<\/div><div class=\"fusion-separator fusion-full-width-sep\" style=\"align-self: center;margin-left: auto;margin-right: auto;width:100%;\"><div class=\"fusion-separator-border sep-single sep-solid\" style=\"--awb-height:20px;--awb-amount:20px;--awb-sep-color:var(--awb-color8);border-color:var(--awb-color8);border-top-width:1px;\"><\/div><\/div><div class=\"fusion-title title fusion-title-12 fusion-sep-none fusion-title-text fusion-title-size-two\" style=\"--awb-margin-top:20px;--awb-margin-bottom:25px;--awb-margin-left:30px;--awb-margin-top-small:20px;--awb-margin-left-small:30px;\"><h2 class=\"fusion-title-heading title-heading-left fusion-responsive-typography-calculated\" style=\"margin:0;--fontSize:45;line-height:var(--awb-typography1-line-height);\">NEXT \u00e0 l\u2019international<\/h2><\/div><div class=\"fusion-text fusion-text-10 whatsnext\" style=\"--awb-margin-right:30px;--awb-margin-left:30px;\"><p>NEXT est \u00e9galement le support d\u2019entreprises \u00e9trang\u00e8res, notamment canadiennes, pour leur d\u00e9veloppement en France et en Europe, en s\u2019appuyant sur un r\u00e9seau d\u2019avocats partenaires en droit des soci\u00e9t\u00e9s, fusion et acquisition, droit la concurrence, droit fiscal et droit public.<\/p>\n<\/div><div class=\"fusion-separator fusion-full-width-sep\" style=\"align-self: center;margin-left: auto;margin-right: auto;width:100%;\"><div class=\"fusion-separator-border sep-single sep-solid\" style=\"--awb-height:20px;--awb-amount:20px;--awb-sep-color:var(--awb-color8);border-color:var(--awb-color8);border-top-width:1px;\"><\/div><\/div><div class=\"fusion-title title fusion-title-13 fusion-sep-none fusion-title-text fusion-title-size-two\" style=\"--awb-margin-left:30px;--awb-margin-left-small:30px;\" id=\"distinctions\"><h2 class=\"fusion-title-heading title-heading-left fusion-responsive-typography-calculated\" style=\"margin:0;--fontSize:45;line-height:var(--awb-typography1-line-height);\">Nos distinctions<\/h2><\/div><div class=\"fusion-separator fusion-full-width-sep\" style=\"align-self: center;margin-left: auto;margin-right: auto;width:100%;\"><div class=\"fusion-separator-border sep-single sep-solid\" style=\"--awb-height:20px;--awb-amount:20px;--awb-sep-color:var(--awb-color8);border-color:var(--awb-color8);border-top-width:1px;\"><\/div><\/div><div class=\"fusion-title title fusion-title-14 fusion-sep-none fusion-title-text fusion-title-size-three\" style=\"--awb-margin-top:20px;--awb-margin-bottom:10px;--awb-margin-left:30px;--awb-margin-left-small:30px;\"><h3 class=\"fusion-title-heading title-heading-left fusion-responsive-typography-calculated\" style=\"margin:0;--fontSize:25;--minFontSize:25;line-height:var(--awb-typography1-line-height);\">Magazine Le Point, Meilleurs cabinet d\u2019avocats, 2024<\/h3><\/div><div class=\"fusion-text fusion-text-11 whatsnext\" style=\"--awb-margin-right:30px;--awb-margin-left:30px;\"><p>Class\u00e9 parmi les meilleurs cabinets d\u2019avocats fran\u00e7ais en Droit des Technologies, Informatique &amp; Communication\u2028et en Droit de la Propri\u00e9t\u00e9 Litt\u00e9raire et Artistique<\/p>\n<\/div><div class=\"fusion-title title fusion-title-15 fusion-sep-none fusion-title-text fusion-title-size-three\" style=\"--awb-margin-bottom:10px;--awb-margin-left:30px;--awb-margin-left-small:30px;\"><h3 class=\"fusion-title-heading title-heading-left fusion-responsive-typography-calculated\" style=\"margin:0;--fontSize:25;--minFontSize:25;line-height:var(--awb-typography1-line-height);\">Best laywers, 2024<\/h3><\/div><div class=\"fusion-text fusion-text-12 whatsnext\" style=\"--awb-margin-right:30px;--awb-margin-left:30px;\"><p>Cat\u00e9gories Information Technology Law \/ Privacy and Data Security Law \/ Media Law \/ Intellectual Property Law \/ \u00a0Technology Law<\/p>\n<\/div><div class=\"fusion-title title fusion-title-16 fusion-sep-none fusion-title-text fusion-title-size-three\" style=\"--awb-margin-bottom:10px;--awb-margin-left:30px;--awb-margin-left-small:30px;\"><h3 class=\"fusion-title-heading title-heading-left fusion-responsive-typography-calculated\" style=\"margin:0;--fontSize:25;--minFontSize:25;line-height:var(--awb-typography1-line-height);\">Legal 500, 2024<\/h3><\/div><div class=\"fusion-text fusion-text-13 whatsnext\" style=\"--awb-margin-right:30px;--awb-margin-left:30px;\"><p>Leading Firm \u2013 cat\u00e9gorie Copyright<br \/>\nFirms To Watch: Media And Entertainment: Music<\/p>\n<\/div><div class=\"fusion-title title fusion-title-17 fusion-sep-none fusion-title-text fusion-title-size-three\" style=\"--awb-margin-bottom:10px;--awb-margin-left:30px;--awb-margin-left-small:30px;\"><h3 class=\"fusion-title-heading title-heading-left fusion-responsive-typography-calculated\" style=\"margin:0;--fontSize:25;--minFontSize:25;line-height:var(--awb-typography1-line-height);\">Leaders league &amp; decideurs magazine, 2024<\/h3><\/div><div class=\"fusion-text fusion-text-14 whatsnext\" style=\"--awb-margin-right:30px;--awb-margin-left:30px;\"><p>\u00ab\u00a0Highly recommended\u00a0\u00bb dans les cat\u00e9gories Data protection law et Cybersecurity \/ Digital plateforms and applications law<\/p>\n<\/div><div class=\"fusion-title title fusion-title-18 fusion-sep-none fusion-title-text fusion-title-size-three\" style=\"--awb-margin-bottom:10px;--awb-margin-left:30px;--awb-margin-left-small:30px;\"><h3 class=\"fusion-title-heading title-heading-left fusion-responsive-typography-calculated\" style=\"margin:0;--fontSize:25;--minFontSize:25;line-height:var(--awb-typography1-line-height);\">Palmar\u00e8s du droit, le monde du droit, AFJE, Cercles Montesquieu, 2023<\/h3><\/div><div class=\"fusion-text fusion-text-15 whatsnext\" style=\"--awb-margin-right:30px;--awb-margin-left:30px;\"><p>Troph\u00e9es d\u2019argent en Droit des M\u00e9dias et Presse \/ Droit d\u2019Auteur \/ Protection des donn\u00e9es personnelles &amp; Cybers\u00e9curit\u00e9 \/ Technologies de l\u2019information<\/p>\n<\/div><div class=\"fusion-title title fusion-title-19 fusion-sep-none fusion-title-text fusion-title-size-three\" style=\"--awb-margin-bottom:10px;--awb-margin-left:30px;--awb-margin-left-small:30px;\"><h3 class=\"fusion-title-heading title-heading-left fusion-responsive-typography-calculated\" style=\"margin:0;--fontSize:25;--minFontSize:25;line-height:var(--awb-typography1-line-height);\">Leaders league &amp; decideurs magazine, 2022, 2023<\/h3><\/div><div class=\"fusion-text fusion-text-16 whatsnext\" style=\"--awb-margin-right:30px;--awb-margin-left:30px;\"><p>\u00ab\u00a0Highly recommended\u00a0\u00bb dans les cat\u00e9gories Droit des donn\u00e9es personnelles \/ Droit de l\u2019internet \/ Spectacles vivants \/ Droit de la publicit\u00e9 et marketing\u2028\u00ab\u00a0recommended\u00a0\u00bb dans les cat\u00e9gories droit de la musique<\/p>\n<\/div><div class=\"fusion-title title fusion-title-20 fusion-sep-none fusion-title-text fusion-title-size-three\" style=\"--awb-margin-bottom:10px;--awb-margin-left:30px;--awb-margin-left-small:30px;\"><h3 class=\"fusion-title-heading title-heading-left fusion-responsive-typography-calculated\" style=\"margin:0;--fontSize:25;--minFontSize:25;line-height:var(--awb-typography1-line-height);\">Legal 500 EMEA, 2020<\/h3><\/div><div class=\"fusion-text fusion-text-17 whatsnext\" style=\"--awb-margin-right:30px;--awb-margin-left:30px;\"><p>Cat\u00e9gories IT &amp; Internet \/ Data Privacy and Data Protection<\/p>\n<\/div><div class=\"fusion-title title fusion-title-21 fusion-sep-none fusion-title-text fusion-title-size-three\" style=\"--awb-margin-bottom:10px;--awb-margin-left:30px;--awb-margin-left-small:30px;\"><h3 class=\"fusion-title-heading title-heading-left fusion-responsive-typography-calculated\" style=\"margin:0;--fontSize:25;--minFontSize:25;line-height:var(--awb-typography1-line-height);\">Legal 500 France, 2019<\/h3><\/div><div class=\"fusion-text fusion-text-18 whatsnext\" style=\"--awb-margin-right:30px;--awb-margin-left:30px;\"><p>Cat\u00e9gories Media and Entertainment : Music \/ IT, Telecoms and the Internet<\/p>\n<\/div><\/div><\/div><\/div><\/div>\n","protected":false},"excerpt":{"rendered":"","protected":false},"author":1,"featured_media":0,"parent":0,"menu_order":0,"comment_status":"closed","ping_status":"closed","template":"100-width.php","meta":{"footnotes":""},"class_list":["post-7","page","type-page","status-publish","hentry"],"_links":{"self":[{"href":"https:\/\/next-law.fr\/dev2025\/wp-json\/wp\/v2\/pages\/7","targetHints":{"allow":["GET"]}}],"collection":[{"href":"https:\/\/next-law.fr\/dev2025\/wp-json\/wp\/v2\/pages"}],"about":[{"href":"https:\/\/next-law.fr\/dev2025\/wp-json\/wp\/v2\/types\/page"}],"author":[{"embeddable":true,"href":"https:\/\/next-law.fr\/dev2025\/wp-json\/wp\/v2\/users\/1"}],"replies":[{"embeddable":true,"href":"https:\/\/next-law.fr\/dev2025\/wp-json\/wp\/v2\/comments?post=7"}],"version-history":[{"count":46,"href":"https:\/\/next-law.fr\/dev2025\/wp-json\/wp\/v2\/pages\/7\/revisions"}],"predecessor-version":[{"id":4749,"href":"https:\/\/next-law.fr\/dev2025\/wp-json\/wp\/v2\/pages\/7\/revisions\/4749"}],"wp:attachment":[{"href":"https:\/\/next-law.fr\/dev2025\/wp-json\/wp\/v2\/media?parent=7"}],"curies":[{"name":"wp","href":"https:\/\/api.w.org\/{rel}","templated":true}]}}